s divided by 12?
7
Calculate the remainder when 2146484 is divided by 189.
11
Calculate the remainder when 44546 is divided by 198.
194
What is the remainder when 23549 is divided by 25?
24
What is the remainder when 1027821 is divided by 294?
291
Calculate the remainder when 726387 is divided by 9.
6
Calculate the remainder when 77602 is divided by 12.
10
Calculate the remainder when 910 is divided by 19.
17
Calculate the remainder when 11580 is divided by 48.
12
What is the remainder when 185130 is divided by 607?
602
Calculate the remainder when 36469 is divided by 9108.
37
What is the remainder when 41467 is divided by 26?
23
What is the remainder when 1512 is divided by 313?
260
Calculate the remainder when 26201 is divided by 2172.
137
What is the remainder when 964498 is divided by 43840?
18
What is the remainder when 794610 is divided by 236?
234
Calculate the remainder when 10309 is divided by 34.
7
What is the remainder when 23540 is divided by 501?
494
What is the remainder when 5458 is divided by 1492?
982
Calculate the remainder when 7182 is divided by 722.
684
What is the remainder when 2283 is divided by 2260?
23
Calculate the remainder when 20436 is divided by 54.
24
What is the remainder when 29482 is divided by 7370?
2
Calculate the remainder when 527530 is divided by 7.
3
What is the remainder when 25502 is divided by 349?
25
Calculate the remainder when 261 is divided by 6.
3
Calculate the remainder when 223 is divided by 87.
49
Calculate the remainder when 12910 is divided by 45.
40
Calculate the remainder when 30884 is divided by 306.
284
Calculate the remainder when 1235 is divided by 1148.
87
What is the remainder when 122495 is divided by 54?
23
Calculate the remainder when 4327 is divided by 615.
22
Calculate the remainder when 10776 is divided by 9594.
1182
What is the remainder when 38856 is divided by 172?
156
Calculate the remainder when 109888 is divided by 10988.
8
What is the remainder when 11754 is divided by 92?
70
Calculate the remainder when 1920 is divided by 199.
129
What is the remainder when 209917 is divided by 21?
1
Calculate the remainder when 581491 is divided by 789.
787
What is the remainder when 14686 is divided by 7333?
20
What is the remainder when 25506 is divided by 100?
6
What is the remainder when 13510 is divided by 564?
538
What is the remainder when 469640 is divided by 245?
220
What is the remainder when 8176 is divided by 630?
616
Calculate the remainder when 38951 is divided by 16.
7
Calculate the remainder when 495 is divided by 287.
208
Calculate the remainder when 20809 is divided by 4159.
14
Calculate the remainder when 264 is divided by 249.
15
What is the remainder when 204569 is divided by 4011?
8
Calculate the remainder when 1084 is divided by 399.
286
What is the remainder when 1136 is divided by 326?
158
What is the remainder when 811 is divided by 573?
238
Calculate the remainder when 12437 is divided by 28.
5
What is the remainder when 2569 is divided by 492?
109
What is the remainder when 33481 is divided by 16735?
11
What is the remainder when 340231 is divided by 69?
61
Calculate the remainder when 1448 is divided by 158.
26
Calculate the remainder when 42929 is divided by 70.
19
Calculate the remainder when 30448 is divided by 30443.
5
Calculate the remainder when 21182 is divided by 13.
5
What is the remainder when 3742 is divided by 472?
438
What is the remainder when 53960 is divided by 224?
200
Calculate the remainder when 50777 is divided by 26.
25
Calculate the remainder when 12656 is divided by 422.
418
Calculate the remainder when 10281 is divided by 1184.
809
What is the remainder when 27347 is divided by 5412?
287
Calculate the remainder when 8940 is divided by 271.
268
What is the remainder when 11654 is divided by 69?
62
What is the remainder when 35296 is divided by 570?
526
Calculate the remainder when 221103 is divided by 7370.
3
Calculate the remainder when 2852528 is divided by 545.
543
What is the remainder when 52655 is divided by 13156?
31
What is the remainder when 17091 is divided by 574?
445
What is the remainder when 798 is divided by 154?
28
What is the remainder when 2437 is divided by 4?
1
Calculate the remainder when 426 is divided by 128.
42
What is the remainder when 2001 is divided by 26?
25
What is the remainder when 127411 is divided by 13?
11
Calculate the remainder when 1277 is divided by 1276.
1
Calculate the remainder when 13506 is divided by 126.
24
What is the remainder when 254 is divided by 102?
50
Calculate the remainder when 7941 is divided by 612.
597
What is the remainder when 18131 is divided by 129?
71
What is the remainder when 26010 is divided by 787?
39
What is the remainder when 4859 is divided by 803?
41
Calculate the remainder when 16993 is divided by 2547.
1711
Calculate the remainder when 3250 is divided by 1392.
466
Calculate the remainder when 1211423 is divided by 71260.
3
What is the remainder when 1870 is divided by 889?
92
What is the remainder when 10018 is divided by 911?
908
Calculate the remainder when 4890 is divided by 1623.
21
What is the remainder when 423 is divided by 311?
112
What is the remainder when 30786 is divided by 24?
18
What is the remainder when 7433 is divided by 1306?
903
What is the remainder when 47339 is divided by 10?
9
What is the remainder when 3660 is divided by 603?
42
What is the remainder when 3116 is divided by 358?
252
Calculate the remainder when 3262 is divided by 407.
6
What is the remainder when 314518 is divided by 314496?
22
What is the remainder when 1265 is divided by 562?
141
What is the remainder when 522455 is divided by 755?
750
What is the remainder when 12383 is divided by 402?
323
Calculate the remainder when 1506949 is divided by 49.
3
Calculate the remainder when 1972 is divided by 53.
11
What is the remainder when 11588 is divided by 1158?
8
What is the remainder when 788 is divided by 282?
224
What is the remainder when 6708 is divided by 2231?
15
What is the remainder when 17064 is divided by 45?
9
Calculate the remainder when 7246 is divided by 735.
631
What is the remainder when 19766 is divided by 2194?
20
What is the remainder when 34516 is divided by 724?
488
Calculate the remainder when 2041 is divided by 155.
26
Calculate the remainder when 10745 is divided by 136.
1
Calculate the remainder when 23053 is divided by 923.
901
What is the remainder when 4400 is divided by 11?
0
What is the remainder when 9424 is divided by 2736?
1216
Calculate the remainder when 166224 is divided by 827.
824
What is the remainder when 78802 is divided by 66?
64
What is the remainder when 45758 is divided by 15251?
5
What is the remainder when 124815 is divided by 1580?
1575
Calculate the remainder when 14969 is divided by 173.
91
Calculate the remainder when 17078 is divided by 1559.
1488
What is the remainder when 7718 is divided by 964?
6
Calculate the remainder when 25471 is divided by 45.
1
What is the remainder when 26758 is divided by 209?
6
What is the remainder when 44365 is divided by 5542?
29
What is the remainder when 10527 is divided by 90?
87
What is the remainder when 23449 is divided by 51?
40
Calculate the remainder when 130688 is divided by 1485.
8
Calculate the remainder when 43189 is divided by 121.
113
What is the remainder when 2159 is divided by 370?
309
What is the remainder when 99295 is divided by 316?
71
Calculate the remainder when 421 is divided by 210.
1
Calculate the remainder when 16027 is divided by 229.
226
Calculate the remainder when 8570 is divided by 615.
575
Calculate the remainder when 23713 is divided by 912.
1
Calculate the remainder when 13955 is divided by 3.
2
What is the remainder when 1968 is divided by 623?
99
Calculate the remainder when 70797 is divided by 300.
297
Calculate the remainder when 525311 is divided by 128.
127
What is the remainder when 20989 is divided by 116?
109
What is the remainder when 4775 is divided by 542?
439
What is the remainder when 101377 is divided by 685?
682
Calculate the remainder when 13261 is divided by 8.
5
Calculate the remainder when 6762 is divided by 771.
594
Calculate the remainder when 1449 is divided by 472.
33
Calculate the remainder when 5331 is divided by 219.
75
Calculat